3
What is the hundred millions digit of 2638803464?
6
What is the thousands digit of 98011777?
1
What is the millions digit of 49181977?
9
What is the ten thousands digit of 1781205810?
0
What is the millions digit of 2306708911?
6
What is the hundred millions digit of 224204480?
2
What is the ten millions digit of 713061164?
1
What is the ten thousands digit of 21008006?
0
What is the hundred millions digit of 5335346631?
3
What is the millions digit of 3271614582?
1
What is the ten thousands digit of 71791828?
9
What is the hundred thousands digit of 1312128399?
1
What is the thousands digit of 15933458?
3
What is the hundred thousands digit of 3795396580?
3
What is the ten thousands digit of 17692800?
9
What is the units digit of 1848525556?
6
What is the thousands digit of 2420861795?
1
What is the millions digit of 185271555?
5
What is the hundred thousands digit of 350994246?
9
What is the ten millions digit of 1455843213?
5
What is the ten millions digit of 4650743472?
5
What is the hundred millions digit of 115599153?
1
What is the hundred thousands digit of 147213016?
2
What is the thousands digit of 460374920?
4
What is the units digit of 61824044?
4
What is the hundreds digit of 192165249?
2
What is the hundred thousands digit of 19189630?
1
What is the tens digit of 94775951?
5
What is the thousands digit of 6577211?
7
What is the thousands digit of 27627081?
7
What is the units digit of 182560413?
3
What is the ten thousands digit of 3720207168?
0
What is the hundreds digit of 1937606842?
8
What is the hundred thousands digit of 1143197121?
1
What is the thousands digit of 213219223?
9
What is the tens digit of 7408118?
1
What is the ten thousands digit of 18625056?
2
What is the billions digit of 4080406658?
4
What is the thousands digit of 65885665?
5
What is the hundred thousands digit of 44364909?
3
What is the ten millions digit of 692082054?
9
What is the hundred thousands digit of 196765813?
7
What is the millions digit of 42246844?
2
What is the millions digit of 47187032?
7
What is the hundreds digit of 623354940?
9
What is the ten thousands digit of 60035444?
3
What is the ten thousands digit of 8288787?
8
What is the ten millions digit of 74209560?
7
What is the ten thousands digit of 40942803?
4
What is the hundred millions digit of 491434760?
4
What is the thousands digit of 308248961?
8
What is the thousands digit of 19969109?
9
What is the units digit of 150218687?
7
What is the hundred millions digit of 2385934375?
3
What is the ten thousands digit of 86003817?
0
What is the hundred millions digit of 960999003?
9
What is the hundreds digit of 1386404868?
8
What is the hundred thousands digit of 4039275412?
2
What is the millions digit of 1335626164?
5
What is the tens digit of 43105250?
5
What is the tens digit of 5919048924?
2
What is the tens digit of 240225808?
0
What is the ten millions digit of 72405593?
7
What is the ten millions digit of 110010347?
1
What is the hundreds digit of 106084144?
1
What is the thousands digit of 828690455?
0
What is the ten thousands digit of 174301734?
0
What is the hundred millions digit of 4326693339?
3
What is the thousands digit of 60382747?
2
What is the hundred thousands digit of 69987550?
9
What is the hundred millions digit of 5029280891?
0
What is the hundred thousands digit of 141298873?
2
What is the thousands digit of 27367477?
7
What is the hundred thousands digit of 61129843?
1
What is the ten thousands digit of 2567897647?
9
What is the hundreds digit of 18670888?
8
What is the tens digit of 16806763?
6
What is the ten millions digit of 553155917?
5
What is the units digit of 6000259747?
7
What is the tens digit of 2141301169?
6
What is the thousands digit of 56878409?
8
What is the tens digit of 65684252?
5
What is the tens digit of 3865873501?
0
What is the thousands digit of 1011088213?
8
What is the hundred thousands digit of 205042873?
0
What is the hundreds digit of 101061935?
9
What is the ten millions digit of 2274750082?
7
What is the units digit of 366147132?
2
What is the millions digit of 89763073?
9
What is the ten millions digit of 5049420346?
4
What is the hundred thousands digit of 103685566?
6
What is the thousands digit of 1918370279?
0
What is the hundreds digit of 28444627?
6
What is the ten thousands digit of 207230892?
3
What is the ten millions digit of 64125673?
6
What is the tens digit of 126889483?
8
What is the tens digit of 749332446?
4
What is the ten thousands digit of 189317739?
1
What is the billions digit of 1573019799?
1
What is the millions digit of 107252244?
7
What is the units digit of 2076749614?
4
What is the hundred thousands digit of 77959984?
9
What is the units digit of 509365926?
6
What is the ten millions digit of 309016835?
0
What is the ten thousands digit of 699046648?
4
What is the units digit of 224838482?
2
What is the ten millions digit of 2626426776?
2
What is the thousands digit of 2635507412?
7
What is the thousands digit of 91060075?
0
What is the billions digit of 2714023729?
2
What is the hundred millions digit of 2152581700?
1
What is the ten millions digit of 57506008?
5
What is the ten thousands digit of 5018314233?
1
What is the hundreds digit of 228115122?
1
What is the ten millions digit of 489306750?
8
What is the ten millions digit of 33216216?
3
What is the thousands digit of 91123328?
3
What is the hundred thousands digit of 32029273?
0
What is the thousands digit of 156628662?
8
What is the hundred millions digit of 1747825428?
7
What is the ten thousands digit of 82319627?
1
What is the hundreds digit of 486314610?
6
What is the units digit of 32570391?
1
What is the units digit of 4286546?
6
What is the hundreds digit of 1456954706?
7
What is the tens digit of 2157736859?
5
What is the millions digit of 119256511?
9
What is the ten millions digit of 214028536?
1
What is the units digit of 81474043?
3
What is the tens digit of 60063936?
3
What is the billions digit of 3820652185?
3
What is the ten thousands digit of 62943829?
4
What is the hundred millions digit of 640090063?
6
What is the hundreds digit of 1294730074?
0
What is the millions digit of 33823617?
3
What is the ten millions digit of 125432267?
2
What is the tens digit of 249286799?
9
What is the thousands digit of 189221101?
1
What is the billions digit of 2140416118?
2
What is the units digit of 295853842?
2
What is the ten thousands digit of 94370120?
7
What is the billions digit of 5791726096?
5
What is the hundreds digit of 160629388?
3
What is the thousands digit of 7356820?
6
What is the hundred thousands digit of 1277019612?
0
What is the ten thousands digit of 7150321?
5
What is the units digit of 1016889984?
4
What is the ten thousands digit of 3707568?
0
What is the ten thousands digit of 636101267?
0
What is the units digit of 35192498?
8
What is the tens digit of 68699515?
1
What is the tens digit of 6314930224?
2
What is the units digit of 1579636135?
5
What is the hundreds digit of 250121790?
7
What is the tens digit of 166920436?
3
What is the hundred thousands digit of 13054812?
0
What is the hundred millions digit of 636917459?
6
What is the units digit of 844079514?
4
What is the hundreds digit of 4769865?
8
What is the hundreds digit of 70392908?
9
What is the hundreds digit of 17529610?
6
What is the units digit of 61265457?
7
What is the billions digit of 5867257803?
5
What is the tens digit of 56923730?
3
What is the thousands digit of 388675529?
5
What is the hundreds digit of 3400203053?
0
What is the ten thousands digit of 451032848?
3
What is the millions digit of 843554904?
3
What is the hundreds digit of 4235501202?
2
What is the millions digit of 478669673?
8
What is the hundred thousands digit of 24153437?
1
What is the hundred thousands digit of 53829913?
8
What is the hundred thousands digit of 6708309526?
3
What is the ten millions digit of 182636051?
8
What is the units digit of 225889220?
0
What is the tens digit of 12206995?
9
What is the tens digit of 527238662?
6
What is the tens digit of 26894690?
9
What is the ten millions digit of 4377057007?
7
What is the hundred thousands digit of 199117468?
1
What is the thousands digit of 81282805?
2
What is the thousands digit of 1284492039?
2
What 